igit of 649659806?
6
What is the hundred millions digit of 5822338050?
8
What is the thousands digit of 3925655155?
5
What is the hundred thousands digit of 23463066?
4
What is the hundreds digit of 263496520?
5
What is the millions digit of 146638587?
6
What is the tens digit of 1454794073?
7
What is the hundreds digit of 51478144?
1
What is the ten millions digit of 266993060?
6
What is the ten thousands digit of 56667410?
6
What is the millions digit of 364788717?
4
What is the ten millions digit of 125050540?
2
What is the thousands digit of 202639759?
9
What is the thousands digit of 29695964?
5
What is the hundred millions digit of 5423543547?
4
What is the hundreds digit of 140637750?
7
What is the billions digit of 2876505797?
2
What is the thousands digit of 57145400?
5
What is the tens digit of 30751100?
0
What is the thousands digit of 33839646?
9
What is the ten millions digit of 77786616?
7
What is the thousands digit of 77035996?
5
What is the hundred millions digit of 729788465?
7
What is the thousands digit of 301158323?
8
What is the ten millions digit of 808934536?
0
What is the hundred thousands digit of 1558291529?
2
What is the ten millions digit of 12912065?
1
What is the ten millions digit of 942259051?
4
What is the hundred thousands digit of 14934403?
9
What is the ten thousands digit of 199450928?
5
What is the millions digit of 5317100351?
7
What is the tens digit of 243090977?
7
What is the millions digit of 20193503?
0
What is the millions digit of 233048782?
3
What is the hundreds digit of 85110043?
0
What is the thousands digit of 93449423?
9
What is the hundred thousands digit of 36547344?
5
What is the hundreds digit of 173392724?
7
What is the units digit of 426772108?
8
What is the hundreds digit of 32446165?
1
What is the ten thousands digit of 446548436?
4
What is the units digit of 31778800?
0
What is the hundred millions digit of 410658207?
4
What is the units digit of 117063831?
1
What is the ten millions digit of 22027731?
2
What is the hundreds digit of 443559670?
6
What is the units digit of 24357375?
5
What is the hundred thousands digit of 552586646?
5
What is the units digit of 1765120562?
2
What is the thousands digit of 505101102?
1
What is the ten thousands digit of 77127457?
2
What is the tens digit of 42069536?
3
What is the hundred millions digit of 432613366?
4
What is the units digit of 11742329?
9
What is the ten millions digit of 31912495?
3
What is the hundred millions digit of 2528978698?
5
What is the hundreds digit of 187412860?
8
What is the hundred thousands digit of 194187835?
1
What is the ten thousands digit of 222159606?
5
What is the tens digit of 589577696?
9
What is the ten millions digit of 152084799?
5
What is the billions digit of 1433280439?
1
What is the ten millions digit of 28282913?
2
What is the hundreds digit of 366283650?
6
What is the hundred thousands digit of 30064192?
0
What is the millions digit of 75344053?
5
What is the thousands digit of 37835738?
5
What is the hundred millions digit of 229297665?
2
What is the hundreds digit of 86652258?
2
What is the hundreds digit of 1151681663?
6
What is the ten thousands digit of 651952862?
5
What is the ten thousands digit of 61752208?
5
What is the ten thousands digit of 95473550?
7
What is the hundred thousands digit of 529385728?
3
What is the tens digit of 95019112?
1
What is the hundred millions digit of 2206634966?
2
What is the units digit of 505081094?
4
What is the thousands digit of 248536728?
6
What is the hundreds digit of 57168780?
7
What is the ten millions digit of 1631433572?
3
What is the hundred thousands digit of 1071378442?
3
What is the hundreds digit of 702425586?
5
What is the ten millions digit of 1190735586?
9
What is the ten thousands digit of 17786986?
8
What is the units digit of 40624274?
4
What is the ten thousands digit of 8428223?
2
What is the units digit of 745440325?
5
What is the tens digit of 255445166?
6
What is the hundreds digit of 2459791218?
2
What is the units digit of 1557080669?
9
What is the ten thousands digit of 2165099191?
9
What is the tens digit of 382670616?
1
What is the thousands digit of 3168323059?
3
What is the hundred thousands digit of 595074896?
0
What is the hundreds digit of 221211213?
2
What is the tens digit of 2263416359?
5
What is the hundred thousands digit of 140789636?
7
What is the hundreds digit of 103017984?
9
What is the units digit of 3873277?
7
What is the ten thousands digit of 93416266?
1
What is the thousands digit of 18584854?
4
What is the units digit of 290312660?
0
What is the units digit of 154608509?
9
What is the tens digit of 14549372?
7
What is the hundreds digit of 1265847775?
7
What is the units digit of 724034413?
3
What is the ten thousands digit of 269618255?
1
What is the hundreds digit of 7479195?
1
What is the thousands digit of 332909745?
9
What is the hundred millions digit of 3685883555?
6
What is the ten millions digit of 43179106?
4
What is the hundreds digit of 2776417?
4
What is the ten millions digit of 818107379?
1
What is the ten millions digit of 19471607?
1
What is the millions digit of 1346745048?
6
What is the hundreds digit of 37962497?
4
What is the tens digit of 571956740?
4
What is the units digit of 19731731?
1
What is the hundred thousands digit of 102193960?
1
What is the millions digit of 88333222?
8
What is the tens digit of 1205797802?
0
What is the tens digit of 27725755?
5
What is the hundreds digit of 14954689?
6
What is the hundred thousands digit of 16231930?
2
What is the tens digit of 96509693?
9
What is the units digit of 49258093?
3
What is the ten millions digit of 58853620?
5
What is the thousands digit of 633286740?
6
What is the hundreds digit of 14568922?
9
What is the ten thousands digit of 263089358?
8
What is the units digit of 507649?
9
What is the billions digit of 4198501985?
4
What is the ten thousands digit of 2025320865?
2
What is the hundred thousands digit of 7815313?
8
What is the hundred thousands digit of 169594340?
5
What is the hundred thousands digit of 54406092?
4
What is the hundred millions digit of 182474131?
1
What is the ten thousands digit of 1598348465?
4
What is the tens digit of 153225037?
3
What is the millions digit of 5428103?
5
What is the millions digit of 133560739?
3
What is the ten millions digit of 1050100759?
5
What is the hundred millions digit of 166156259?
1
What is the billions digit of 1163944570?
1
What is the thousands digit of 2639725606?
5
What is the ten millions digit of 13958425?
1
What is the hundreds digit of 12527480?
4
What is the hundreds digit of 668327521?
5
What is the hundred millions digit of 6056450067?
0
What is the thousands digit of 231597497?
7
What is the millions digit of 36872229?
6
What is the thousands digit of 3171582490?
2
What is the hundreds digit of 25914424?
4
What is the millions digit of 4609821302?
9
What is the hundred thousands digit of 34310495?
3
What is the ten thousands digit of 83113554?
1
What is the millions digit of 22515906?
2
What is the thousands digit of 159651961?
1
What is the hundreds digit of 78146789?
7
What is the millions digit of 544139137?
4
What is the ten thousands digit of 59423789?
2
What is the thousands digit of 170438028?
8
What is the hundred millions digit of 2733123844?
7
What is the thousands digit of 50095202?
5
What is the hundred millions digit of 552170497?
5
What is the ten thousands digit of 48472598?
7
What is the millions digit of 361345076?
1
What is the thousands digit of 142899677?
9
What is the millions digit of 167955878?
7
What is the tens digit of 9733094?
9
What is the units digit of 6436025361?
1
What is the hundred thousands digit of 706313626?
3
What is the units digit of 38346857?
7
What is the millions digit of 23102567?
3
What is the hundred thousands digit of 18609070?
6
What is the hundred thousands digit of 49299337?
2
What is the hundred millions digit of 540991059?
5
What is the hundreds digit of 6559434809?
8
What is the hundred millions digit of 199910558?
1
What is the ten thousands digit of 7100423649?
2
What is the ten millions digit of 587577476?
8
What is the thousands digit of 277731972?
1
What is the units digit of 15116954?
4
What is th